late the greatest common factor of 108 and 8.
4
Calculate the highest common factor of 455 and 140.
35
Calculate the greatest common divisor of 46 and 598.
46
Calculate the greatest common factor of 14 and 1897.
7
Calculate the highest common factor of 266 and 152.
38
Calculate the greatest common factor of 176 and 264.
88
Calculate the greatest common divisor of 30 and 2760.
30
What is the greatest common factor of 365 and 35?
5
Calculate the highest common factor of 736 and 1504.
32
Calculate the greatest common divisor of 24 and 27624.
24
What is the highest common factor of 960 and 20?
20
Calculate the highest common divisor of 129 and 215.
43
Calculate the highest common factor of 330 and 14.
2
What is the highest common divisor of 146 and 219?
73
Calculate the greatest common factor of 46 and 3.
1
Calculate the greatest common factor of 10547 and 199.
199
Calculate the greatest common factor of 4 and 272.
4
Calculate the highest common factor of 20 and 2065.
5
Calculate the highest common factor of 180 and 48.
12
Calculate the greatest common divisor of 35 and 95.
5
What is the highest common factor of 10 and 1070?
10
Calculate the highest common divisor of 400 and 50.
50
Calculate the highest common factor of 99 and 27.
9
Calculate the highest common divisor of 1 and 226.
1
What is the highest common divisor of 3379 and 155?
31
What is the greatest common factor of 1210 and 10?
10
What is the greatest common factor of 1696 and 320?
32
Calculate the greatest common divisor of 37 and 1184.
37
Calculate the greatest common factor of 1743 and 63.
21
Calculate the highest common divisor of 64 and 6368.
32
Calculate the highest common factor of 64 and 1984.
64
Calculate the greatest common factor of 3429 and 54.
27
Calculate the greatest common divisor of 104 and 117.
13
What is the highest common divisor of 10 and 65?
5
What is the highest common factor of 240 and 5376?
48
Calculate the highest common divisor of 1541 and 23.
23
What is the greatest common factor of 276 and 24?
12
Calculate the greatest common factor of 1862 and 38.
38
What is the greatest common divisor of 79 and 42739?
79
Calculate the highest common divisor of 13857 and 93.
93
What is the highest common factor of 1116 and 36?
36
Calculate the highest common factor of 42 and 98.
14
Calculate the highest common factor of 901 and 34.
17
Calculate the greatest common factor of 25 and 1215.
5
Calculate the highest common divisor of 34 and 1258.
34
What is the greatest common factor of 61128 and 216?
216
Calculate the greatest common divisor of 6 and 69.
3
Calculate the greatest common divisor of 144 and 153.
9
What is the greatest common divisor of 374 and 44?
22
Calculate the highest common divisor of 112 and 42.
14
What is the highest common divisor of 84 and 72?
12
What is the greatest common factor of 8347 and 17?
17
Calculate the highest common factor of 30 and 318.
6
Calculate the greatest common factor of 140 and 25200.
140
Calculate the highest common factor of 10 and 82.
2
What is the greatest common divisor of 208 and 26?
26
What is the greatest common factor of 80 and 480?
80
Calculate the greatest common divisor of 216 and 936.
72
Calculate the greatest common divisor of 8 and 216.
8
What is the highest common factor of 53 and 583?
53
What is the highest common divisor of 528 and 3300?
132
Calculate the greatest common factor of 16 and 1592.
8
What is the highest common divisor of 23 and 161?
23
Calculate the greatest common divisor of 232 and 319.
29
Calculate the greatest common divisor of 3552 and 111.
111
What is the greatest common factor of 34 and 51?
17
Calculate the greatest common factor of 234 and 546.
78
What is the highest common divisor of 99 and 605?
11
Calculate the highest common factor of 516 and 387.
129
What is the highest common factor of 1488 and 930?
186
What is the greatest common divisor of 1219 and 742?
53
What is the highest common factor of 288 and 1200?
48
Calculate the greatest common divisor of 704 and 22.
22
Calculate the highest common factor of 71200 and 178.
178
What is the greatest common divisor of 2544 and 528?
48
What is the greatest common divisor of 4439 and 115?
23
Calculate the greatest common divisor of 63 and 18.
9
Calculate the highest common divisor of 11148 and 48.
12
Calculate the greatest common factor of 12 and 372.
12
Calculate the highest common factor of 42 and 378.
42
Calculate the greatest common factor of 1819 and 214.
107
What is the greatest common factor of 427 and 56?
7
Calculate the greatest common divisor of 18 and 4.
2
What is the highest common divisor of 1 and 179?
1
Calculate the highest common divisor of 125 and 2425.
25
What is the greatest common divisor of 459 and 34?
17
Calculate the highest common divisor of 190 and 16910.
190
What is the highest common factor of 16575 and 375?
75
Calculate the highest common divisor of 26 and 5018.
26
Calculate the highest common factor of 770 and 88.
22
Calculate the greatest common divisor of 9 and 9.
9
What is the greatest common divisor of 155 and 279?
31
What is the greatest common divisor of 34 and 3808?
34
Calculate the highest common divisor of 387 and 9.
9
Calculate the highest common divisor of 6 and 12.
6
What is the highest common divisor of 83 and 8051?
83
Calculate the greatest common factor of 175 and 14.
7
What is the greatest common factor of 756 and 2700?
108
Calculate the highest common factor of 44 and 14179.
11
Calculate the highest common divisor of 2629 and 239.
239
What is the greatest common factor of 82 and 246?
82
Calculate the greatest common factor of 17 and 52.
1
Calculate the greatest common factor of 1196 and 184.
92
Calculate the greatest common factor of 11 and 253.
11
What is the highest common divisor of 216 and 104?
8
What is the highest common factor of 208 and 26?
26
What is the greatest common factor of 689 and 106?
53
Calculate the highest common divisor of 445 and 267.
89
What is the greatest common factor of 54 and 486?
54
Calculate the highest common divisor of 7 and 1.
1
Calculate the highest common divisor of 1305 and 225.
45
What is the highest common divisor of 2 and 1765?
1
Calculate the highest common factor of 525 and 546.
21
What is the highest common divisor of 10 and 110?
10
Calculate the greatest common factor of 1247 and 667.
29
What is the highest common divisor of 56 and 938?
14
What is the highest common factor of 8918 and 26?
26
What is the highest common factor of 144 and 42?
6
What is the greatest common factor of 4 and 12?
4
Calculate the highest common factor of 103 and 46659.
103
What is the greatest common divisor of 1309 and 231?
77
What is the highest common divisor of 114 and 2698?
38
Calculate the greatest common factor of 99 and 36.
9
Calculate the highest common divisor of 12255 and 114.
57
Calculate the greatest common factor of 497 and 142.
71
What is the greatest common divisor of 65 and 2015?
65
Calculate the highest common factor of 986 and 187.
17
Calculate the highest common factor of 88 and 1944.
8
What is the greatest common factor of 888 and 432?
24
Calculate the greatest common factor of 270 and 2670.
30
What is the highest common divisor of 12 and 2364?
12
What is the greatest common factor of 115 and 115?
115
What is the highest common divisor of 4 and 50?
2
What is the greatest common divisor of 34714 and 34?
34
What is the greatest common factor of 205 and 7298?
41
What is the highest common factor of 29 and 40484?
29
What is the highest common factor of 23 and 23?
23
What is the highest common divisor of 74 and 99308?
74
What is the highest common factor of 3234 and 198?
66
What is the highest common divisor of 46 and 6?
2
What is the greatest common factor of 33 and 8250?
33
What is the highest common factor of 9 and 1728?
9
What is the greatest common factor of 40 and 580?
20
Calculate the highest common divisor of 108 and 108.
108
What is the highest common factor of 138 and 4?
2
Calculate the greatest common factor of 57 and 6.
3
What is the greatest common factor of 15 and 135?
15
Calculate the highest common factor of 609 and 399.
21
Calculate the greatest common divisor of 27 and 1539.
27
What is the highest common divisor of 188 and 2350?
94
Calculate the greate